3
Let f(b) = 20*b - 4. Let o be f(3). Suppose -2 = 2*h - 16. What is the greatest common divisor of h and o?
7
Let y be 0 + 2 + 8 + 3. Let b = y + -7. What is the highest common divisor of b and 4?
2
Let q be (-2)/7 + 1375/35. Calculate the highest common divisor of q and 13.
13
Let t be -60*((-4)/(-3))/(-2). Suppose 0 = b - 5, -4*j - 2*b - 11 = -53. What is the highest common factor of t and j?
8
Let g(d) = -3*d**3 - 3*d**2 - 5*d - 7. Let k be g(-5). Suppose -i = -5*c + k, 186 = 3*c + i - 0*i. What is the greatest common divisor of 21 and c?
21
Let r be -2*6/8*-4. What is the highest common factor of 60 and r?
6
Let i be 715 + (2 - 3)/1. Let n = i - 384. What is the greatest common divisor of 30 and n?
30
Let c = 129 + -76. Suppose 4*r - 43 - c = 0. What is the greatest common factor of 12 and r?
12
Suppose 31 = 5*u - 49. Suppose 0 = 4*d + d - 80. What is the greatest common factor of d and u?
16
Let j(r) = -286*r - 4. Let o be j(4). Suppose 2*a + 3*a + 80 = 0. Let t be o/a + (-1)/(-4). What is the greatest common divisor of t and 8?
8
Suppose -4*f + 0*f - 2*u + 28 = 0, 2*f + 6 = 4*u. Suppose 0 = f*t - 2*l + 134, l + 4 = 3*l. Let p = -16 - t. What is the greatest common divisor of p and 110?
10
Let c(x) = 12*x - 1. Let t(u) = 47*u - 4. Let f(w) = -9*c(w) + 2*t(w). Let z be f(-1). Calculate the greatest common divisor of z and 165.
15
Let g be (-4)/(-20) + 209/5. Suppose 0 = -0*v + 5*v - 5. Let x = v - -5. What is the greatest common divisor of x and g?
6
Let k = -115 + 178. What is the highest common factor of k and 7?
7
Let s = 28 + -10. Let t = 1 + 53. What is the highest common factor of t and s?
18
Suppose 50 = 2*a - r, 2*r = -3*a - 0*a + 68. What is the greatest common factor of 3 and a?
3
Suppose 4*f = -3*c + 256, -5*f = -2*c + 54 + 155. Calculate the greatest common divisor of 23 and c.
23
Suppose 0 = -5*m - 0*m + 640. Suppose -4*q + m = -2*f, q - 41 - 9 = 5*f. Let t be (-272)/(-48) + (-1)/(-3). What is the greatest common factor of t and q?
6
Let f(x) = 14*x - 4. Let m be f(1). Calculate the highest common factor of 90 and m.
10
Let v be -3*((-42)/9 - 0). Calculate the greatest common divisor of v and 42.
14
Let l(a) = -a**3 + 9*a**2 + 14*a - 10. Let f be l(10). Calculate the greatest common factor of 6 and f.
6
Let u(y) = -7*y**3 - 2*y**2. Let z be -5 - ((-9)/(-1))/(-3). Let g be u(z). What is the greatest common factor of 6 and g?
6
Let x = -22 - -17. Let k(t) = -t**3 - 2*t**2 + 5*t. Let u be k(x). What is the highest common factor of 10 and u?
10
Suppose 307 - 83 = 4*x. What is the greatest common factor of x and 14?
14
Let b = 3 + -19. Suppose 4*d - 11 = -3. Let c be (15/d)/((-6)/b). Calculate the greatest common divisor of 10 and c.
10
Suppose 3*u + u + 24 = f, -6 = -f - 2*u. Let g = 7 - 16. Let a be (-537)/g - (-1)/3. What is the highest common factor of a and f?
12
Suppose -2*x - n + 28 = 0, -4*x - 5*n + 0*n + 56 = 0. Let h = 36 - x. Calculate the highest common divisor of h and 2.
2
Let p(a) = -a**2 + 17*a - 11. Let s(i) = -i + 1. Let j(g) = p(g) + 2*s(g). Let r be j(14). Let n = -1 + 56. What is the highest common factor of n and r?
5
Let n = 473 + -870. Let y = -221 - n. What is the highest common factor of y and 22?
22
Let u(s) = s. Let q be u(4). Suppose -24 = -q*w - 3*z, -5*w - 5*z = -3*z - 37. What is the highest common divisor of 72 and w?
9
Suppose 2*w = -3*w - 5*i + 70, 4*w - 44 = -i. Let c(q) = 1 - 1 - w*q - 5*q. Let s be c(-6). Calculate the greatest common divisor of s and 10.
10
Let x = -3 + 0. Let r be (10/(-2))/(x + 2). Let k(p) = p**3 + 8*p**2 + 10. Let a be k(-8). Calculate the highest common factor of a and r.
5
Let c = -42 + 61. Let y = -328 + 347. Calculate the highest common factor of c and y.
19
Let w = 1 + 3. Suppose 5*s - 2*h = 3*h + 20, -14 = -s - w*h. What is the highest common factor of 4 and s?
2
Let k(l) = -l - 1. Let d(g) = -g - 2. Let n(i) = 4*d(i) - 5*k(i). Let z be n(5). Suppose z*f + 0*f = 24. What is the greatest common factor of 4 and f?
4
Suppose 2*y + 7*o - 32 = 3*o, 4*y - 29 = -o. Let b = y - 1. Suppose 0*r = b*r - 15, -5*r - 66 = -3*v. What is the highest common factor of 3 and v?
3
Let t be -4*1*5/(-10). Let l be (-6)/9 - 13/3. Let q = l - -7. What is the highest common divisor of q and t?
2
Suppose f = -7 - 0. Let s(b) = -2*b + 2. Let l be s(f). Calculate the greatest common divisor of 2 and l.
2
Let a(x) = -12*x**2 - 8*x - 4. Let z be a(-5). Let d = z - -374. Calculate the greatest common divisor of d and 10.
10
Let o = -68 - -70. Let u(h) = -h**3 - 5*h**2 + 4*h - 2. Let s be u(-6). What is the greatest common divisor of o and s?
2
Suppose -5*k + 109 = -3*v - 58, k + 2*v - 36 = 0. Calculate the greatest common divisor of k and 17.
17
Let i(s) = -10*s - 6. Let a = -13 - -8. Let r be i(a). Calculate the greatest common factor of 11 and r.
11
Suppose 0 = 6*v - v - 90. Calculate the greatest common factor of v and 6.
6
Suppose 9 - 33 = -4*y. Suppose 0 = 5*i + 2*o - 3*o - 12, 0 = -i - 2*o + 9. Suppose i*r = 4*r - 60. What is the highest common divisor of y and r?
6
Suppose -2*b - 66 = 4*o + 12, -4*o = -4. Suppose 32 = -3*l - 4*s - 33, -5*l - s - 131 = 0. Let r = l - b. What is the greatest common divisor of r and 98?
14
Let m = 9 - -13. Calculate the highest common factor of 33 and m.
11
Suppose 0 = 5*x - 3*g - 537, 3*x = 2*g + 26 + 297. Calculate the highest common divisor of x and 15.
15
Suppose 0 = -5*q + 6*q - 4. Let j be (-6)/q*(-56)/6. Calculate the highest common divisor of j and 14.
14
Suppose 0 = -2*m + u + 25, -5*m - 7*u + 25 = -2*u. Calculate the highest common divisor of m and 80.
10
Let z = 14 + -8. Let x be (-3)/2 + 2/(-4). Let c = x - -6. Calculate the greatest common divisor of z and c.
2
Suppose -3*c + 41 + 10 = 0. Let q be 10/3 + 1/(-3). Suppose q*v = -2*m + 371, -2*m = 3*m - 4*v - 939. What is the highest common factor of c and m?
17
Let d = 18 + -10. What is the highest common factor of d and 64?
8
Let y = -7 - -2. Let o = 13 + y. Calculate the greatest common divisor of 24 and o.
8
Suppose -3*w + 5*w + 122 = 2*g, 299 = 5*g + w. What is the greatest common factor of 90 and g?
30
Suppose 289 = 2*y - 159. What is the highest common divisor of 32 and y?
32
Let g be -7 - -9 - (1 + -41). What is the greatest common divisor of g and 105?
21
Let v(d) = -d**2 + 21*d + 34. Let q be v(22). Let h be 4/(-14) - 258/(-21). What is the highest common factor of q and h?
12
Let k be (-8)/2 + 2 + 18. Suppose 5*a - g + 1 = 15, -5*a + 26 = -4*g. What is the highest common divisor of a and k?
2
Suppose 4*c - c - 13 = -2*y, -c - 1 = 0. What is the greatest common factor of 56 and y?
8
Let q(u) = u**2 - 3*u - 7. Let w be q(5). What is the greatest common factor of 1 and w?
1
Let x(v) = 2*v**2 - 4*v - 10. Let u be x(7). What is the greatest common divisor of u and 15?
15
Let u = 102 - 66. What is the highest common factor of 9 and u?
9
Suppose 2*v + 2*l + 86 = 390, -3*v = -2*l - 466. Let u be 1/(-3) - (-398)/6. Suppose b + 2*b = u. Calculate the greatest common factor of b and v.
22
Let t be (0 - -16)*(-15)/12*-1. What is the greatest common divisor of t and 10?
10
Let v(q) = 3*q**2 - 12*q + 22. Let c be v(11). Calculate the highest common factor of c and 23.
23
Suppose q = 3*g - 4*g + 51, 0 = -3*g + 12. What is the highest common factor of q and 423?
47
Let k(n) = 2*n**3 - n. Let z(y) = y**3 - 13*y**2 + 12*y + 2. Let o be z(12). Let v be k(o). What is the highest common factor of 28 and v?
14
Let d = -6 - -11. Let y = 13 - -41. Suppose g + 19 - y = 0. What is the greatest common factor of d and g?
5
Suppose 3*w - 6 + 3 = 0. Calculate the highest common divisor of w and 2.
1
Suppose -4*o + 3*c = -166, c + 0*c = 5*o - 202. Calculate the highest common divisor of 8 and o.
8
Suppose 3 = 3*k, -5*d + 2*k = -0*k - 538. Let h = -17 - -29. What is the greatest common divisor of h and d?
12
Suppose 0 = 2*f - 10*f + 440. Calculate the highest common factor of 5 and f.
5
Let p = -2 - -2. Let m be (-2)/(6 + -2)*p. Suppose 0 = y + 3*f - 13, m*f = -3*y + 4*f + 13. Calculate the highest common divisor of y and 28.
7
Suppose 60 = 12*f - 7*f. What is the highest common factor of 4 and f?
4
Suppose 6*p - 3*p - 3*r = 18, p = -4*r + 26. Calculate the greatest common divisor of p and 20.
10
Suppose 5*a - 8 = 